 2*k**2 + 13. Let z = 18 - 19. Let o be (3 + z + (-27)/9)*-4. Determine g(o).
-8
Let v(h) = h**3 - 8*h**2 + 2*h - 10. Suppose 8*o - 30 + 6 = 0. Suppose -q + 12 = -2*f, q = -2*f + 7 - o. Determine v(q).
6
Let f(y) be the second derivative of -1/6*y**4 - 1/4*y**5 - 1/2*y**2 + 16*y + 0 + 1/3*y**3. Let k = -21 - -22. Give f(k).
-6
Let d(b) = 9*b - 5. Let o(g) = -5*g + 3. Let v(i) = 3*d(i) + 5*o(i). Let x = 3271 + -3274. Determine v(x).
-6
Suppose 29*c = 16*c - 104. Let g be c/(-9)*3*6. Suppose 23*x + g = 27*x. Let q(r) = 2*r - 4. Calculate q(x).
4
Let s(r) be the second derivative of -r**6/360 + r**5/24 + 9*r**3/2 + r**2 - r - 34. Let n(u) be the second derivative of s(u). Determine n(3).
6
Let j be (-18)/63 + (-3)/(-7)*10. Suppose 0 = -f + 2*v - 4*v, -5*f + j*v = -14. Let u(g) = -3*g. Give u(f).
-6
Let t be 2*1/4*(5 - 13 - -10). Let u(d) = 10*d. Calculate u(t).
10
Suppose -49 = 62*t - 69*t. Suppose 17 = t*i - 11. Let r(z) = -z**2 + 5*z. Determine r(i).
4
Let i = -19 + 22. Suppose -g = -6*g, -2*r - i*g - 54 = 0. Let j = r + 22. Let z(c) = -3*c - 5. Give z(j).
10
Let k be ((-16)/(-3)*(-2)/24)/((-68)/306). Let a(b) = -20*b + 40. Give a(k).
0
Let m(b) = -2*b**2 - 51*b + 173. Let h(y) = -y**2 - 26*y + 80. Let x(g) = 7*h(g) - 4*m(g). Calculate x(-27).
3
Let b(j) be the first derivative of -j**4/6 - 7*j**3/6 + 103*j**2 - 232. Let z(f) be the second derivative of b(f). What is z(3)?
-19
Let o = 91 + -63. Suppose 4*f = o + 20. Suppose 0 = -b + f - 10. Let i(u) = u**3 - 2*u**2 - 3*u + 2. Calculate i(b).
-4
Let v(d) = d**2. Let h(b) = -4*b**2 + 7*b - 1. Let u(p) = h(p) + 3*v(p). Let w be 11/5 - (-4)/5. Suppose -31 = -5*o - l - 1, l = w*o - 18. Give u(o).
5
Let k(p) = p**2 - 7*p + 4. Suppose 5*o - 37 = -3*b, -o + 37 = 4*b + 16. Determine k(b).
-8
Suppose 2*d = 4*y - 108, 0 = 5*y - 0*y - 2*d - 134. Let a(p) = -10*p**2 + 3 - y*p**2 + 37*p**2 + 5*p. Determine a(-5).
3
Let b = 6 - 10. Let k(j) be the first derivative of 0*j + 2*j + 190 + j**2 + 0*j + 3*j - 21. Calculate k(b).
-3
Let b(z) = 4*z + 1. Let l(f) be the third derivative of -7/3*f**3 + 11*f**2 - 1/6*f**4 + 0 + 0*f. Let d be l(-3). Give b(d).
-7
Let a = 85 + -96. Let c(n) be the third derivative of -n**5/60 - 11*n**4/24 - n**3 + 5*n**2 + 3*n. What is c(a)?
-6
Let w(g) = 13*g**2 + 1. Let z(p) = -15*p - 77. Let a be z(-6). Suppose 6*j = 3*h + 11*j + a, h + j = -3. Determine w(h).
14
Let y(q) be the second derivative of 3*q + 7/6*q**4 - 1/40*q**5 + 0 + 1/120*q**6 + 0*q**2 + 0*q**3. Let v(p) be the third derivative of y(p). Determine v(2).
9
Let m(b) = -12*b**2 + 30*b - 6. Let z(y) = -34*y**2 + 104*y - 20. Let r(c) = 7*m(c) - 2*z(c). What is r(1)?
-16
Let n(w) = 13*w**2 - 47*w + 3. Let q(h) = -4*h**2 + 20*h + 1. Let p(g) = -n(g) - 2*q(g). Give p(4).
-57
Let a(c) = -c**2 + 6*c + 5. Let i be a(6). Let r be (i/(-4))/(7/56). Let l(m) = m**2 + 10*m + 4. What is l(r)?
4
Let b(f) = -3*f - 322 + 171 - 11*f**2 - f**3 + 173 - 3*f - 2*f. Calculate b(-10).
2
Let v(k) be the third derivative of -k**5/60 + k**4/12 + 54*k**2. Let i(w) = -5*w**2 + 15*w - 4. Let a(c) = -i(c) + 6*v(c). Give a(-3).
4
Let b(r) = -r**3 - 38*r**2 + 43*r + 167. Suppose 3*q - 5*z + 117 = 0, -33*z + 30*z = 0. What is b(q)?
11
Let j(x) = -39*x**3 + x**2 - 5*x + 2. Suppose -5*p + 744*v - 748*v = 3, 4*p + 6 = -5*v. Calculate j(p).
-41
Suppose -348 = x + 2*h, -31 = x - 3*h + 312. Let u = 349 + x. Let m(b) = 2*b**2 - b - 4. Determine m(u).
11
Let b = -18 + 20. Suppose -3*j = -5*u + 9 + 40, -5*j - 92 = b*u. Let n be (-136)/36 - (-4)/j. Let g(s) = s**3 + 5*s**2 + 5*s + 6. Calculate g(n).
2
Let y(s) = -s**2 - 5*s - 3. Let n = 46 - 29. Suppose -5*z + 2*r - n = 4*r, 3*z + 5*r = 5. What is y(z)?
-3
Suppose 3*v = -2*l - 3 - 7, 0 = -2*v + 4*l - 12. Let o(a) = -a**3 - a**2 + 7*a - 8. Let k be o(v). Let y(d) = d**2 - 12*d + 10. Give y(k).
10
Let v(a) = -a**2 + 12*a + 1. Let i(o) = -o + 124. Let q(b) = 8*b - 247. Let f(k) = 5*i(k) + 3*q(k). Let j be f(7). What is v(j)?
1
Let s(m) = -m**2 + 26*m + 1. Let o(b) = -4*b**2 + 147*b + 31. Let u(v) = o(v) - 5*s(v). Calculate u(-12).
-34
Let x(l) = -6*l**2 - 6*l - 8*l**2 + 14*l**2 + 10 - 6*l**2 + 12*l**2 - l**3. Give x(5).
5
Let n(z) = 8*z + 2. Let f be (130 - 121)/(9/(-2)). Determine n(f).
-14
Let q be 133/168*-3 + (-3)/(-8). Let d(l) = l**3 + l**3 + 2*l - 3*l**3. Calculate d(q).
4
Let u be (91 - 49)/((-2)/14). Let h = u - -301. Let j(b) = 2*b - 4. Determine j(h).
10
Let m(b) = b**3 + 13*b**2 - 28*b + 10. Let c(d) = -6*d**3 - 79*d**2 + 154*d - 61. Let p(x) = 3*c(x) + 17*m(x). Calculate p(-15).
-28
Let w(j) be the second derivative of 0 + 3*j + 5/3*j**3 + 1/20*j**5 + 2*j**2 + 5/6*j**4. Let g be ((-2233)/(-87) - 26)*(26 - -1). What is w(g)?
-5
Let t(z) = -48*z + 17*z + 13*z - 2 + 19*z. Let h(s) = -6*s**3 - s**2 + s - 1. Suppose -o = -2*n - 2*o + 6, -2*n - 6 = -2*o. Let i be h(n). Calculate t(i).
-9
Let d(n) = n**2 + 6*n - 1. Suppose -5*b + 34 = 9. Suppose 4*z - b*z + h = -5, 4*z + h + 5 = 0. Suppose 0 = 3*s - z*s + 9. Calculate d(s).
-10
Let h(c) = 4*c**3 - 6*c**2 + 4*c - 13. Let d(q) = -8*q**3 + 13*q**2 - 9*q + 28. Let r(p) = -6*d(p) - 13*h(p). Let k = -7 - -6. Calculate r(k).
3
Let i(j) be the second derivative of 11/120*j**5 - 1/2*j**4 - 1/720*j**6 + 0*j**3 + 0 + 2*j + 0*j**2. Let w(a) be the third derivative of i(a). What is w(8)?
3
Let h(s) = -274*s + 544*s - 11 - 272*s - 11. What is h(-10)?
-2
Suppose -32*x = -109 - 19. Let v(y) = -7*y + 3 + 8*y + 0 - x - 4. Give v(17).
12
Suppose v - 68 = -3*v. Let w(b) = v - 20 - 25*b + 24*b. Determine w(-1).
-2
Let i(g) = -2*g**3 + 14*g**2 - 8. Let z = 5746 - 5739. Calculate i(z).
-8
Suppose 9*p + 548 = -325. Let d = p - -100. Let x(h) = -29*h + 26*h + 6 + 6*h**2 + h**d + 11*h. What is x(-5)?
-9
Let n(r) be the second derivative of -r**5/20 + 5*r**4/6 + 10*r**3/3 + 6*r**2 - 421*r - 1. What is n(12)?
-36
Let q(u) = u**2 + 5*u + 5. Let n(k) = 3*k - 90. Let d be n(15). Let s = d + 40. Determine q(s).
5
Let z(t) = 4*t**3 + 3*t - 5. Suppose 0 = 740*s - 743*s + 6. Determine z(s).
33
Let g(p) = p**3 + 6*p**2 - 5*p - 6. Let l(j) = -9*j**2 - 12*j + 78. Let b be l(6). Let d = b - -312. Calculate g(d).
24
Let c(z) = -25*z**3 - 2*z**2 + 3*z + 4. Let y be c(-1). Let g(d) = -2*d - 7*d**2 + d**3 + y*d**2 - 23*d**2 + 1. What is g(7)?
36
Let g be ((-1)/(-4))/(3/60). Let m(k) = -k**2. Let s(l) = 3*l**2 - 5*l + 5. Let p(w) = 2*m(w) + s(w). Calculate p(g).
5
Suppose 44 = t - k + 9, -3*t + 101 = -2*k. Let b = t - 27. Let y(c) = 6 + c**3 - b + 4*c**2 - c + 2. What is y(-4)?
8
Let f(d) = 6*d**3 + 136*d**2 + 112*d + 65. Let p(m) = 2*m**3 + 47*m**2 + 38*m + 21. Let u(j) = 3*f(j) - 8*p(j). What is u(-15)?
-3
Let g(f) = -f**2 + 915*f - 6361. Let k be g(7). Let t be 2 - 2/(2/(-1)). Let y(d) = 3*d - t*d - 6*d - 7 - d**2. What is y(k)?
-2
Suppose -5 = -5*a, -2*a + 7*a = -t + 7. Let n(y) = -8*y**2 - 3. Give n(t).
-35
Let l(k) be the third derivative of k**5/60 - 7*k**4/12 + 7*k**3/6 + 2203*k**2 - 2. Determine l(15).
22
Let h(f) = -9*f - 4. Let d(m) = -28*m - 13. Let n(t) = 6*d(t) - 21*h(t). What is n(-1)?
-15
Let o = 13 - 16. Let h(x) = -x**3 + 5*x**2 + 13*x - 36. Let w be h(6). Let v(p) = -1 + 4*p - p**3 + 0*p**3 - 4*p**2 - w*p + 4. What is v(o)?
0
Let v(u) = u**2 + u - 1. Let a be v(2). Let d(g) = -13*g + 4. Let k be -5*(2 - 44/20). Let m(h) = -3*h + 1. Let j(c) = k*d(c) - 4*m(c). Determine j(a).
-5
Let t(a) be the second derivative of a**4/12 + a**3 + 10*a**2 + 3109*a. Calculate t(-6).
20
Let g(r) be the third derivative of -r**5/60 - 17*r**4/24 - 38*r**3/3 - 30*r**2 + 2. Calculate g(-9).
-4
Let l(a) = 5*a**3 + a**2 + 9*a + 15. Let s(c) = -2*c**3 - 4*c - 7. Let o(p) = -3*l(p) - 7*s(p). Let f(w) = 2*w**2 + 32*w + 107. Let y be f(-5). Calculate o(y).
1
Let o be 1884/(-21) - (6/21 + 0). Let k = o + 84. Let p(m) = -m. Let z(s) = 5*s - 12. Let i(n) = -6*p(n) - z(n). What is i(k)?
6
Let u = 4 - 4. Let q(x) = -1 + 2*x + 0 - 3*x + u*x. Suppose 0 = -2*z - 5 + 13. Give q(z).
-5
Let d be 2236/(-39)*(-3)/2. Let z = d - 51. Let x(g) = -1 - 3*g - z*g**2 + 0 + 38*g**2 + g**3. Calculate x(-4).
-5
Let n(l) = 95 + 6*l - 54 - 42. Suppose -20 = -6*a + 2*a - 3*f, 5*f - 20 = 0. Determine n(a).
11
Let y(l) be the first derivative of l**2/2 - 11*l + 2. Suppose -194*g + 208 = 192*g - 360*g. Determine y(g).
-3
Suppose 29*n - 83*n